{"id":36,"date":"2024-03-29T12:06:56","date_gmt":"2024-03-29T12:06:56","guid":{"rendered":"https:\/\/192.214.223.70:8800\/blog-projet\/?page_id=36"},"modified":"2024-06-14T13:27:43","modified_gmt":"2024-06-14T13:27:43","slug":"les-formations","status":"publish","type":"page","link":"https:\/\/cssno-lppcevenol.fr\/?page_id=36","title":{"rendered":"Les Formations"},"content":{"rendered":"\t\t<div data-elementor-type=\"wp-page\" data-elementor-id=\"36\" class=\"elementor elementor-36\">\n\t\t\t\t<div class=\"elementor-element elementor-element-9a6d46b animated-slow e-flex e-con-boxed elementor-invisible e-con e-parent\" data-id=\"9a6d46b\" data-element_type=\"container\" data-settings=\"{&quot;animation&quot;:&quot;fadeIn&quot;}\">\n\t\t\t\t\t<div class=\"e-con-inner\">\n\t\t<div class=\"elementor-element elementor-element-e0faa33 e-flex e-con-boxed e-con e-child\" data-id=\"e0faa33\" data-element_type=\"container\">\n\t\t\t\t\t<div class=\"e-con-inner\">\n\t\t\t\t<div class=\"elementor-element elementor-element-aa7049d elementor-widget__width-initial elementor-widget elementor-widget-heading\" data-id=\"aa7049d\" data-element_type=\"widget\" data-widget_type=\"heading.default\">\n\t\t\t\t<div class=\"elementor-widget-container\">\n\t\t\t<h2 class=\"elementor-heading-title elementor-size-default\">C'est quoi la SNO ?<\/h2>\t\t<\/div>\n\t\t\t\t<\/div>\n\t\t\t\t\t<\/div>\n\t\t\t\t<\/div>\n\t\t<div class=\"elementor-element elementor-element-0d9a88a e-flex e-con-boxed e-con e-child\" data-id=\"0d9a88a\" data-element_type=\"container\">\n\t\t\t\t\t<div class=\"e-con-inner\">\n\t\t\t\t<div class=\"elementor-element elementor-element-3540204 elementor-widget__width-initial elementor-widget elementor-widget-text-editor\" data-id=\"3540204\" data-element_type=\"widget\" data-widget_type=\"text-editor.default\">\n\t\t\t\t<div class=\"elementor-widget-container\">\n\t\t\t\t\t\t\t<p>La cr\u00e9ation de cette formation \u00ab\u00a0Services num\u00e9riques aux organisations\u00a0\u00bb est une r\u00e9ponse concr\u00e8te \u00e0 des besoins sp\u00e9cifiques, en particulier pour les postes de techniciens g\u00e9n\u00e9ralistes du num\u00e9rique, de d\u00e9veloppeurs int\u00e9grateurs de proximit\u00e9, et d&rsquo;accompagnateurs dans la mise en \u0153uvre s\u00e9curis\u00e9e et efficace des syst\u00e8mes d&rsquo;information.<\/p>\t\t\t\t\t\t<\/div>\n\t\t\t\t<\/div>\n\t\t\t\t\t<\/div>\n\t\t\t\t<\/div>\n\t\t<div class=\"elementor-element elementor-element-1e2098b e-flex e-con-boxed e-con e-child\" data-id=\"1e2098b\" data-element_type=\"container\">\n\t\t\t\t\t<div class=\"e-con-inner\">\n\t\t\t\t<div class=\"elementor-element elementor-element-3be626a elementor-widget elementor-widget-spacer\" data-id=\"3be626a\" data-element_type=\"widget\" data-widget_type=\"spacer.default\">\n\t\t\t\t<div class=\"elementor-widget-container\">\n\t\t\t\t\t<div class=\"elementor-spacer\">\n\t\t\t<div class=\"elementor-spacer-inner\"><\/div>\n\t\t<\/div>\n\t\t\t\t<\/div>\n\t\t\t\t<\/div>\n\t\t\t\t\t<\/div>\n\t\t\t\t<\/div>\n\t\t\t\t\t<\/div>\n\t\t\t\t<\/div>\n\t\t<div class=\"elementor-element elementor-element-9990ff0 e-flex e-con-boxed e-con e-parent\" data-id=\"9990ff0\" data-element_type=\"container\">\n\t\t\t\t\t<div class=\"e-con-inner\">\n\t\t\t\t<div class=\"elementor-element elementor-element-ab13cad elementor-widget elementor-widget-heading\" data-id=\"ab13cad\" data-element_type=\"widget\" data-widget_type=\"heading.default\">\n\t\t\t\t<div class=\"elementor-widget-container\">\n\t\t\t<h2 class=\"elementor-heading-title elementor-size-default\">les p\u00f4les de la sections <\/h2>\t\t<\/div>\n\t\t\t\t<\/div>\n\t\t\t\t\t<\/div>\n\t\t\t\t<\/div>\n\t\t<div class=\"elementor-element elementor-element-e108032 e-flex e-con-boxed e-con e-parent\" data-id=\"e108032\" data-element_type=\"container\">\n\t\t\t\t\t<div class=\"e-con-inner\">\n\t\t<div class=\"elementor-element elementor-element-9d4c95b e-flex e-con-boxed e-con e-child\" data-id=\"9d4c95b\" data-element_type=\"container\">\n\t\t\t\t\t<div class=\"e-con-inner\">\n\t\t\t\t<div class=\"elementor-element elementor-element-cb4e2b2 elementor-widget elementor-widget-heading\" data-id=\"cb4e2b2\" data-element_type=\"widget\" data-widget_type=\"heading.default\">\n\t\t\t\t<div class=\"elementor-widget-container\">\n\t\t\t<h2 class=\"elementor-heading-title elementor-size-default\">P\u00f4le 1 : Contribution \u00e0 la pr\u00e9sence en ligne de l'organisation<\/h2>\t\t<\/div>\n\t\t\t\t<\/div>\n\t\t\t\t\t<\/div>\n\t\t\t\t<\/div>\n\t\t\t\t\t<\/div>\n\t\t\t\t<\/div>\n\t\t<div class=\"elementor-element elementor-element-b87e856 e-grid animated-slow e-con-boxed elementor-invisible e-con e-parent\" data-id=\"b87e856\" data-element_type=\"container\" data-settings=\"{&quot;animation&quot;:&quot;fadeInDown&quot;}\">\n\t\t\t\t\t<div class=\"e-con-inner\">\n\t\t<div class=\"elementor-element elementor-element-4844cdc e-flex e-con-boxed e-con e-child\" data-id=\"4844cdc\" data-element_type=\"container\">\n\t\t\t\t\t<div class=\"e-con-inner\">\n\t\t\t\t<div class=\"elementor-element elementor-element-20f5e2c elementor-widget elementor-widget-text-editor\" data-id=\"20f5e2c\" data-element_type=\"widget\" data-widget_type=\"text-editor.default\">\n\t\t\t\t<div class=\"elementor-widget-container\">\n\t\t\t\t\t\t\t<p>1.1 &#8211; Contribution \u00e0 l&rsquo;\u00e9laboration et \u00e0 la mise \u00e0 jour d&rsquo;un site web<\/p><ul><li>Collecte des besoins de l\u2019organisation\u00a0<\/li><\/ul><ul><li>Mise \u00e0 jour des information diffus\u00e9es sur le site web de l\u2019organisation\u00a0<\/li><\/ul><ul><li>Participation au d\u00e9veloppement et des syst\u00e8mes de gestions contenu, tout en respectant la r\u00e9glementation en vigueur<\/li><\/ul>\t\t\t\t\t\t<\/div>\n\t\t\t\t<\/div>\n\t\t\t\t\t<\/div>\n\t\t\t\t<\/div>\n\t\t<div class=\"elementor-element elementor-element-344944b e-flex e-con-boxed e-con e-child\" data-id=\"344944b\" data-element_type=\"container\">\n\t\t\t\t\t<div class=\"e-con-inner\">\n\t\t\t\t<div class=\"elementor-element elementor-element-e9d01c6 elementor-widget elementor-widget-text-editor\" data-id=\"e9d01c6\" data-element_type=\"widget\" data-widget_type=\"text-editor.default\">\n\t\t\t\t<div class=\"elementor-widget-container\">\n\t\t\t\t\t\t\t<p>1.2 &#8211; Participation \u00e0 la valorisation de la pr\u00e9sence de l&rsquo;organisation sur les m\u00e9dias sociaux<\/p><ul><li>Publier du contenue en accord avec l\u2019image de l\u2019organisation\u00a0<\/li><\/ul><ul><li>Optimiser le r\u00e9f\u00e9rencement et suivre son \u00e9volution\u00a0<\/li><\/ul><ul><li>Surveiller la r\u00e9putation en ligne de l\u2019organisation\u00a0<\/li><\/ul>\t\t\t\t\t\t<\/div>\n\t\t\t\t<\/div>\n\t\t\t\t\t<\/div>\n\t\t\t\t<\/div>\n\t\t<div class=\"elementor-element elementor-element-d9b3d65 e-flex e-con-boxed e-con e-child\" data-id=\"d9b3d65\" data-element_type=\"container\">\n\t\t\t\t\t<div class=\"e-con-inner\">\n\t\t\t\t<div class=\"elementor-element elementor-element-59366a9 elementor-widget elementor-widget-text-editor\" data-id=\"59366a9\" data-element_type=\"widget\" data-widget_type=\"text-editor.default\">\n\t\t\t\t<div class=\"elementor-widget-container\">\n\t\t\t\t\t\t\t<p>1.3 &#8211; Collaboration en mode projet<\/p><ul><li>Contribution \u00e0 d\u00e9finir le cahier des charges d\u2019un projet\u00a0<\/li><\/ul><ul><li>Organiser la documentation du projet\u00a0<\/li><\/ul><ul><li>Utiliser des outils de gestion pour suivi de projet\u00a0<\/li><\/ul><ul><li>communiquer dans le cadre d\u2019un projet\u00a0<\/li><\/ul>\t\t\t\t\t\t<\/div>\n\t\t\t\t<\/div>\n\t\t\t\t\t<\/div>\n\t\t\t\t<\/div>\n\t\t\t\t\t<\/div>\n\t\t\t\t<\/div>\n\t\t<div class=\"elementor-element elementor-element-860efff e-flex e-con-boxed e-con e-parent\" data-id=\"860efff\" data-element_type=\"container\">\n\t\t\t\t\t<div class=\"e-con-inner\">\n\t\t<div class=\"elementor-element elementor-element-9b1a82d e-flex e-con-boxed e-con e-child\" data-id=\"9b1a82d\" data-element_type=\"container\">\n\t\t\t\t\t<div class=\"e-con-inner\">\n\t\t\t\t<div class=\"elementor-element elementor-element-bc92b1a elementor-widget elementor-widget-heading\" data-id=\"bc92b1a\" data-element_type=\"widget\" data-widget_type=\"heading.default\">\n\t\t\t\t<div class=\"elementor-widget-container\">\n\t\t\t<h2 class=\"elementor-heading-title elementor-size-default\">P\u00f4le 2 :  Participation \u00e0 la gestion des services logiciels<\/h2>\t\t<\/div>\n\t\t\t\t<\/div>\n\t\t\t\t\t<\/div>\n\t\t\t\t<\/div>\n\t\t\t\t\t<\/div>\n\t\t\t\t<\/div>\n\t\t<div class=\"elementor-element elementor-element-8b50346 e-grid animated-slow e-con-boxed elementor-invisible e-con e-parent\" data-id=\"8b50346\" data-element_type=\"container\" data-settings=\"{&quot;animation&quot;:&quot;fadeInDown&quot;}\">\n\t\t\t\t\t<div class=\"e-con-inner\">\n\t\t<div class=\"elementor-element elementor-element-16904f6 e-flex e-con-boxed e-con e-child\" data-id=\"16904f6\" data-element_type=\"container\">\n\t\t\t\t\t<div class=\"e-con-inner\">\n\t\t\t\t<div class=\"elementor-element elementor-element-c8f2884 elementor-widget elementor-widget-text-editor\" data-id=\"c8f2884\" data-element_type=\"widget\" data-widget_type=\"text-editor.default\">\n\t\t\t\t<div class=\"elementor-widget-container\">\n\t\t\t\t\t\t\t<p>2.1 &#8211; Participation \u00e0 la gestion des outils et applications num\u00e9riques \u00ab\u00a0m\u00e9tier\u00a0\u00bb<\/p><ul><li>Participer \u00e0 la supervision du parc d\u2019applications<\/li><li>Assurer l\u2019administration des outils et applications num\u00e9riques sp\u00e9cialis\u00e9s<\/li><\/ul>\t\t\t\t\t\t<\/div>\n\t\t\t\t<\/div>\n\t\t\t\t\t<\/div>\n\t\t\t\t<\/div>\n\t\t<div class=\"elementor-element elementor-element-e27dfa5 e-flex e-con-boxed e-con e-child\" data-id=\"e27dfa5\" data-element_type=\"container\">\n\t\t\t\t\t<div class=\"e-con-inner\">\n\t\t\t\t<div class=\"elementor-element elementor-element-98e65e2 elementor-widget elementor-widget-text-editor\" data-id=\"98e65e2\" data-element_type=\"widget\" data-widget_type=\"text-editor.default\">\n\t\t\t\t<div class=\"elementor-widget-container\">\n\t\t\t\t\t\t\t<p>2.2 &#8211; Participation \u00e0 la gestion des outils bureautiques, collaboratifs et nomades<\/p><ul><li>G\u00e9rer le stockage, l\u2019organisation, le partage et la diffusion des ressources<\/li><li>Participer aux traitements des donn\u00e9es pour les analyser et les interpr\u00e9ter<\/li><li>Apporter un soutien au travail collaboratif et \u00e0 distance<\/li><\/ul>\t\t\t\t\t\t<\/div>\n\t\t\t\t<\/div>\n\t\t\t\t\t<\/div>\n\t\t\t\t<\/div>\n\t\t<div class=\"elementor-element elementor-element-08c3279 e-flex e-con-boxed e-con e-child\" data-id=\"08c3279\" data-element_type=\"container\">\n\t\t\t\t\t<div class=\"e-con-inner\">\n\t\t\t\t<div class=\"elementor-element elementor-element-ede41b5 elementor-widget elementor-widget-text-editor\" data-id=\"ede41b5\" data-element_type=\"widget\" data-widget_type=\"text-editor.default\">\n\t\t\t\t<div class=\"elementor-widget-container\">\n\t\t\t\t\t\t\t<p>2.3 &#8211; Contribution \u00e0 la s\u00e9curit\u00e9 du syst\u00e8me d&rsquo;information de l&rsquo;organisation<\/p><ul><li>Participer \u00e0 l\u2019\u00e9laboration de proc\u00e9dures de s\u00e9curit\u00e9 num\u00e9rique \u00a0<\/li><\/ul><ul><li>G\u00e9rer les profils utilisateur et les autorisations d\u2019acc\u00e8s<\/li><\/ul>\t\t\t\t\t\t<\/div>\n\t\t\t\t<\/div>\n\t\t\t\t\t<\/div>\n\t\t\t\t<\/div>\n\t\t\t\t\t<\/div>\n\t\t\t\t<\/div>\n\t\t<div class=\"elementor-element elementor-element-56fd30b e-flex e-con-boxed e-con e-parent\" data-id=\"56fd30b\" data-element_type=\"container\">\n\t\t\t\t\t<div class=\"e-con-inner\">\n\t\t<div class=\"elementor-element elementor-element-3d9a38f e-flex e-con-boxed e-con e-child\" data-id=\"3d9a38f\" data-element_type=\"container\">\n\t\t\t\t\t<div class=\"e-con-inner\">\n\t\t\t\t<div class=\"elementor-element elementor-element-2976adb elementor-widget elementor-widget-heading\" data-id=\"2976adb\" data-element_type=\"widget\" data-widget_type=\"heading.default\">\n\t\t\t\t<div class=\"elementor-widget-container\">\n\t\t\t<h2 class=\"elementor-heading-title elementor-size-default\">P\u00f4le 3 : Accompagnement des utilisateurs aux usages du num\u00e9rique<\/h2>\t\t<\/div>\n\t\t\t\t<\/div>\n\t\t\t\t\t<\/div>\n\t\t\t\t<\/div>\n\t\t\t\t\t<\/div>\n\t\t\t\t<\/div>\n\t\t<div class=\"elementor-element elementor-element-969bc4d e-grid animated-slow e-con-boxed elementor-invisible e-con e-parent\" data-id=\"969bc4d\" data-element_type=\"container\" data-settings=\"{&quot;animation&quot;:&quot;fadeInDown&quot;}\">\n\t\t\t\t\t<div class=\"e-con-inner\">\n\t\t<div class=\"elementor-element elementor-element-988570d e-flex e-con-boxed e-con e-child\" data-id=\"988570d\" data-element_type=\"container\">\n\t\t\t\t\t<div class=\"e-con-inner\">\n\t\t\t\t<div class=\"elementor-element elementor-element-e799d57 elementor-widget elementor-widget-text-editor\" data-id=\"e799d57\" data-element_type=\"widget\" data-widget_type=\"text-editor.default\">\n\t\t\t\t<div class=\"elementor-widget-container\">\n\t\t\t\t\t\t\t<p>3.1 &#8211; Soutien aux utilisateurs dans les usages des applications et services num\u00e9riques<\/p><p>\u2022 Cr\u00e9er, organiser et diffuser des ressources d\u2019accompagnement<br \/>\u2022 Assurer le support de premier niveau aux utilisateurs<br \/>\u2022 \u00c9tablir une veille professionnelle et technologique<\/p>\t\t\t\t\t\t<\/div>\n\t\t\t\t<\/div>\n\t\t\t\t\t<\/div>\n\t\t\t\t<\/div>\n\t\t<div class=\"elementor-element elementor-element-ea97826 e-flex e-con-boxed e-con e-child\" data-id=\"ea97826\" data-element_type=\"container\">\n\t\t\t\t\t<div class=\"e-con-inner\">\n\t\t\t\t<div class=\"elementor-element elementor-element-7c22067 elementor-widget elementor-widget-text-editor\" data-id=\"7c22067\" data-element_type=\"widget\" data-widget_type=\"text-editor.default\">\n\t\t\t\t<div class=\"elementor-widget-container\">\n\t\t\t\t\t\t\t<p>3.2 &#8211; Sensibilisation des utilisateurs \u00e0 la s\u00e9curit\u00e9 informatique et \u00e0 la protection des donn\u00e9es \u00e0 caract\u00e8re personnel<\/p><ul><li>Sensibilisation des utilisateurs aux bonnes pratiques en mati\u00e8re de s\u00e9curit\u00e9 num\u00e9rique pour renforcer la cybers\u00e9curit\u00e9<\/li><li>\u00a0Contribuer au recensement des traitements des donn\u00e9es personnelles au sein de l\u2019organisation, conform\u00e9ment notamment au r\u00e8glement g\u00e9n\u00e9ral sur la protection des donn\u00e9es (RGPD)<\/li><\/ul>\t\t\t\t\t\t<\/div>\n\t\t\t\t<\/div>\n\t\t\t\t\t<\/div>\n\t\t\t\t<\/div>\n\t\t<div class=\"elementor-element elementor-element-d4a3553 e-flex e-con-boxed e-con e-child\" data-id=\"d4a3553\" data-element_type=\"container\">\n\t\t\t\t\t<div class=\"e-con-inner\">\n\t\t\t\t<div class=\"elementor-element elementor-element-510a385 elementor-widget elementor-widget-text-editor\" data-id=\"510a385\" data-element_type=\"widget\" data-widget_type=\"text-editor.default\">\n\t\t\t\t<div class=\"elementor-widget-container\">\n\t\t\t\t\t\t\t<p>3.3 &#8211; Exploitation d&rsquo;une documentation technique en langue anglaise<\/p><ul><li>Traduction en fran\u00e7ais d\u2019une documentation technique r\u00e9dig\u00e9e en anglais<\/li><\/ul><ul><li>Traduction en fran\u00e7ais de ressources multim\u00e9dias initialement en anglais<\/li><\/ul>\t\t\t\t\t\t<\/div>\n\t\t\t\t<\/div>\n\t\t\t\t\t<\/div>\n\t\t\t\t<\/div>\n\t\t\t\t\t<\/div>\n\t\t\t\t<\/div>\n\t\t\t\t<\/div>\n\t\t","protected":false},"excerpt":{"rendered":"<p>C&rsquo;est quoi la SNO ? La cr\u00e9ation de cette formation \u00ab\u00a0Services num\u00e9riques aux organisations\u00a0\u00bb est une r\u00e9ponse concr\u00e8te \u00e0 des besoins sp\u00e9cifiques, en particulier pour les postes de techniciens g\u00e9n\u00e9ralistes du num\u00e9rique, de d\u00e9veloppeurs int\u00e9grateurs de proximit\u00e9, et d&rsquo;accompagnateurs dans la mise en \u0153uvre s\u00e9curis\u00e9e et efficace des syst\u00e8mes d&rsquo;information. les p\u00f4les de la sections [&hellip;]<\/p>\n","protected":false},"author":7,"featured_media":0,"parent":0,"menu_order":0,"comment_status":"closed","ping_status":"closed","template":"","meta":{"footnotes":""},"class_list":["post-36","page","type-page","status-publish","hentry"],"yoast_head":"<!-- This site is optimized with the Yoast SEO plugin v23.0 - https:\/\/yoast.com\/wordpress\/plugins\/seo\/ -->\n<title>Les Formations - Certificat de Sp\u00e9cialisation Services Num\u00e9riques aux Organisations<\/title>\n<meta name=\"robots\" content=\"index, follow, max-snippet:-1, max-image-preview:large, max-video-preview:-1\" \/>\n<link rel=\"canonical\" href=\"https:\/\/cssno-lppcevenol.fr\/?page_id=36\" \/>\n<meta property=\"og:locale\" content=\"fr_FR\" \/>\n<meta property=\"og:type\" content=\"article\" \/>\n<meta property=\"og:title\" content=\"Les Formations - Certificat de Sp\u00e9cialisation Services Num\u00e9riques aux Organisations\" \/>\n<meta property=\"og:description\" content=\"C&rsquo;est quoi la SNO ? La cr\u00e9ation de cette formation \u00ab\u00a0Services num\u00e9riques aux organisations\u00a0\u00bb est une r\u00e9ponse concr\u00e8te \u00e0 des besoins sp\u00e9cifiques, en particulier pour les postes de techniciens g\u00e9n\u00e9ralistes du num\u00e9rique, de d\u00e9veloppeurs int\u00e9grateurs de proximit\u00e9, et d&rsquo;accompagnateurs dans la mise en \u0153uvre s\u00e9curis\u00e9e et efficace des syst\u00e8mes d&rsquo;information. les p\u00f4les de la sections [&hellip;]\" \/>\n<meta property=\"og:url\" content=\"https:\/\/cssno-lppcevenol.fr\/?page_id=36\" \/>\n<meta property=\"og:site_name\" content=\"Certificat de Sp\u00e9cialisation Services Num\u00e9riques aux Organisations\" \/>\n<meta property=\"article:publisher\" content=\"https:\/\/www.facebook.com\/profile.php?id=61551103654804\" \/>\n<meta property=\"article:modified_time\" content=\"2024-06-14T13:27:43+00:00\" \/>\n<meta name=\"twitter:card\" content=\"summary_large_image\" \/>\n<meta name=\"twitter:label1\" content=\"Dur\u00e9e de lecture estim\u00e9e\" \/>\n\t<meta name=\"twitter:data1\" content=\"2 minutes\" \/>\n<script type=\"application\/ld+json\" class=\"yoast-schema-graph\">{\"@context\":\"https:\/\/schema.org\",\"@graph\":[{\"@type\":\"WebPage\",\"@id\":\"https:\/\/cssno-lppcevenol.fr\/?page_id=36\",\"url\":\"https:\/\/cssno-lppcevenol.fr\/?page_id=36\",\"name\":\"Les Formations - Certificat de Sp\u00e9cialisation Services Num\u00e9riques aux Organisations\",\"isPartOf\":{\"@id\":\"https:\/\/cssno-lppcevenol.fr\/#website\"},\"datePublished\":\"2024-03-29T12:06:56+00:00\",\"dateModified\":\"2024-06-14T13:27:43+00:00\",\"breadcrumb\":{\"@id\":\"https:\/\/cssno-lppcevenol.fr\/?page_id=36#breadcrumb\"},\"inLanguage\":\"fr-FR\",\"potentialAction\":[{\"@type\":\"ReadAction\",\"target\":[\"https:\/\/cssno-lppcevenol.fr\/?page_id=36\"]}]},{\"@type\":\"BreadcrumbList\",\"@id\":\"https:\/\/cssno-lppcevenol.fr\/?page_id=36#breadcrumb\",\"itemListElement\":[{\"@type\":\"ListItem\",\"position\":1,\"name\":\"Accueil\",\"item\":\"https:\/\/cssno-lppcevenol.fr\/\"},{\"@type\":\"ListItem\",\"position\":2,\"name\":\"Les Formations\"}]},{\"@type\":\"WebSite\",\"@id\":\"https:\/\/cssno-lppcevenol.fr\/#website\",\"url\":\"https:\/\/cssno-lppcevenol.fr\/\",\"name\":\"Certificat de Sp\u00e9cialisation Services Num\u00e9riques aux Organisations\",\"description\":\"\",\"publisher\":{\"@id\":\"https:\/\/cssno-lppcevenol.fr\/#organization\"},\"potentialAction\":[{\"@type\":\"SearchAction\",\"target\":{\"@type\":\"EntryPoint\",\"urlTemplate\":\"https:\/\/cssno-lppcevenol.fr\/?s={search_term_string}\"},\"query-input\":\"required name=search_term_string\"}],\"inLanguage\":\"fr-FR\"},{\"@type\":\"Organization\",\"@id\":\"https:\/\/cssno-lppcevenol.fr\/#organization\",\"name\":\"Certificat de Sp\u00e9cialisation Services Num\u00e9riques aux Organisations\",\"url\":\"https:\/\/cssno-lppcevenol.fr\/\",\"logo\":{\"@type\":\"ImageObject\",\"inLanguage\":\"fr-FR\",\"@id\":\"https:\/\/cssno-lppcevenol.fr\/#\/schema\/logo\/image\/\",\"url\":\"https:\/\/cssno-lppcevenol.fr\/wp-content\/uploads\/2024\/03\/380486491_122109115352036788_9032204069023199962_need.png\",\"contentUrl\":\"https:\/\/cssno-lppcevenol.fr\/wp-content\/uploads\/2024\/03\/380486491_122109115352036788_9032204069023199962_need.png\",\"width\":364,\"height\":375,\"caption\":\"Certificat de Sp\u00e9cialisation Services Num\u00e9riques aux Organisations\"},\"image\":{\"@id\":\"https:\/\/cssno-lppcevenol.fr\/#\/schema\/logo\/image\/\"},\"sameAs\":[\"https:\/\/www.facebook.com\/profile.php?id=61551103654804\"]}]}<\/script>\n<!-- \/ Yoast SEO plugin. -->","yoast_head_json":{"title":"Les Formations - Certificat de Sp\u00e9cialisation Services Num\u00e9riques aux Organisations","robots":{"index":"index","follow":"follow","max-snippet":"max-snippet:-1","max-image-preview":"max-image-preview:large","max-video-preview":"max-video-preview:-1"},"canonical":"https:\/\/cssno-lppcevenol.fr\/?page_id=36","og_locale":"fr_FR","og_type":"article","og_title":"Les Formations - Certificat de Sp\u00e9cialisation Services Num\u00e9riques aux Organisations","og_description":"C&rsquo;est quoi la SNO ? La cr\u00e9ation de cette formation \u00ab\u00a0Services num\u00e9riques aux organisations\u00a0\u00bb est une r\u00e9ponse concr\u00e8te \u00e0 des besoins sp\u00e9cifiques, en particulier pour les postes de techniciens g\u00e9n\u00e9ralistes du num\u00e9rique, de d\u00e9veloppeurs int\u00e9grateurs de proximit\u00e9, et d&rsquo;accompagnateurs dans la mise en \u0153uvre s\u00e9curis\u00e9e et efficace des syst\u00e8mes d&rsquo;information. les p\u00f4les de la sections [&hellip;]","og_url":"https:\/\/cssno-lppcevenol.fr\/?page_id=36","og_site_name":"Certificat de Sp\u00e9cialisation Services Num\u00e9riques aux Organisations","article_publisher":"https:\/\/www.facebook.com\/profile.php?id=61551103654804","article_modified_time":"2024-06-14T13:27:43+00:00","twitter_card":"summary_large_image","twitter_misc":{"Dur\u00e9e de lecture estim\u00e9e":"2 minutes"},"schema":{"@context":"https:\/\/schema.org","@graph":[{"@type":"WebPage","@id":"https:\/\/cssno-lppcevenol.fr\/?page_id=36","url":"https:\/\/cssno-lppcevenol.fr\/?page_id=36","name":"Les Formations - Certificat de Sp\u00e9cialisation Services Num\u00e9riques aux Organisations","isPartOf":{"@id":"https:\/\/cssno-lppcevenol.fr\/#website"},"datePublished":"2024-03-29T12:06:56+00:00","dateModified":"2024-06-14T13:27:43+00:00","breadcrumb":{"@id":"https:\/\/cssno-lppcevenol.fr\/?page_id=36#breadcrumb"},"inLanguage":"fr-FR","potentialAction":[{"@type":"ReadAction","target":["https:\/\/cssno-lppcevenol.fr\/?page_id=36"]}]},{"@type":"BreadcrumbList","@id":"https:\/\/cssno-lppcevenol.fr\/?page_id=36#breadcrumb","itemListElement":[{"@type":"ListItem","position":1,"name":"Accueil","item":"https:\/\/cssno-lppcevenol.fr\/"},{"@type":"ListItem","position":2,"name":"Les Formations"}]},{"@type":"WebSite","@id":"https:\/\/cssno-lppcevenol.fr\/#website","url":"https:\/\/cssno-lppcevenol.fr\/","name":"Certificat de Sp\u00e9cialisation Services Num\u00e9riques aux Organisations","description":"","publisher":{"@id":"https:\/\/cssno-lppcevenol.fr\/#organization"},"potentialAction":[{"@type":"SearchAction","target":{"@type":"EntryPoint","urlTemplate":"https:\/\/cssno-lppcevenol.fr\/?s={search_term_string}"},"query-input":"required name=search_term_string"}],"inLanguage":"fr-FR"},{"@type":"Organization","@id":"https:\/\/cssno-lppcevenol.fr\/#organization","name":"Certificat de Sp\u00e9cialisation Services Num\u00e9riques aux Organisations","url":"https:\/\/cssno-lppcevenol.fr\/","logo":{"@type":"ImageObject","inLanguage":"fr-FR","@id":"https:\/\/cssno-lppcevenol.fr\/#\/schema\/logo\/image\/","url":"https:\/\/cssno-lppcevenol.fr\/wp-content\/uploads\/2024\/03\/380486491_122109115352036788_9032204069023199962_need.png","contentUrl":"https:\/\/cssno-lppcevenol.fr\/wp-content\/uploads\/2024\/03\/380486491_122109115352036788_9032204069023199962_need.png","width":364,"height":375,"caption":"Certificat de Sp\u00e9cialisation Services Num\u00e9riques aux Organisations"},"image":{"@id":"https:\/\/cssno-lppcevenol.fr\/#\/schema\/logo\/image\/"},"sameAs":["https:\/\/www.facebook.com\/profile.php?id=61551103654804"]}]}},"_links":{"self":[{"href":"https:\/\/cssno-lppcevenol.fr\/index.php?rest_route=\/wp\/v2\/pages\/36","targetHints":{"allow":["GET"]}}],"collection":[{"href":"https:\/\/cssno-lppcevenol.fr\/index.php?rest_route=\/wp\/v2\/pages"}],"about":[{"href":"https:\/\/cssno-lppcevenol.fr\/index.php?rest_route=\/wp\/v2\/types\/page"}],"author":[{"embeddable":true,"href":"https:\/\/cssno-lppcevenol.fr\/index.php?rest_route=\/wp\/v2\/users\/7"}],"replies":[{"embeddable":true,"href":"https:\/\/cssno-lppcevenol.fr\/index.php?rest_route=%2Fwp%2Fv2%2Fcomments&post=36"}],"version-history":[{"count":91,"href":"https:\/\/cssno-lppcevenol.fr\/index.php?rest_route=\/wp\/v2\/pages\/36\/revisions"}],"predecessor-version":[{"id":750,"href":"https:\/\/cssno-lppcevenol.fr\/index.php?rest_route=\/wp\/v2\/pages\/36\/revisions\/750"}],"wp:attachment":[{"href":"https:\/\/cssno-lppcevenol.fr\/index.php?rest_route=%2Fwp%2Fv2%2Fmedia&parent=36"}],"curies":[{"name":"wp","href":"https:\/\/api.w.org\/{rel}","templated":true}]}}