{"id":46,"date":"2024-03-29T12:10:23","date_gmt":"2024-03-29T12:10:23","guid":{"rendered":"https:\/\/192.214.223.70:8800\/blog-projet\/?page_id=46"},"modified":"2024-06-14T13:28:42","modified_gmt":"2024-06-14T13:28:42","slug":"missions","status":"publish","type":"page","link":"https:\/\/cssno-lppcevenol.fr\/?page_id=46","title":{"rendered":"Missions"},"content":{"rendered":"\t\t<div data-elementor-type=\"wp-page\" data-elementor-id=\"46\" class=\"elementor elementor-46\">\n\t\t\t\t<div class=\"elementor-element elementor-element-a2dda6d e-con-full animated-slow e-flex elementor-invisible e-con e-parent\" data-id=\"a2dda6d\" data-element_type=\"container\" data-settings=\"{&quot;animation&quot;:&quot;fadeInRight&quot;}\">\n\t\t\t\t<div class=\"elementor-element elementor-element-91d1d60 elementor-widget__width-inherit e-transform elementor-widget elementor-widget-text-editor\" data-id=\"91d1d60\" data-element_type=\"widget\" data-settings=\"{&quot;_transform_translateX_effect&quot;:{&quot;unit&quot;:&quot;px&quot;,&quot;size&quot;:0,&quot;sizes&quot;:[]},&quot;_transform_translateX_effect_tablet&quot;:{&quot;unit&quot;:&quot;px&quot;,&quot;size&quot;:&quot;&quot;,&quot;sizes&quot;:[]},&quot;_transform_translateX_effect_mobile&quot;:{&quot;unit&quot;:&quot;px&quot;,&quot;size&quot;:&quot;&quot;,&quot;sizes&quot;:[]},&quot;_transform_translateY_effect&quot;:{&quot;unit&quot;:&quot;px&quot;,&quot;size&quot;:&quot;&quot;,&quot;sizes&quot;:[]},&quot;_transform_translateY_effect_tablet&quot;:{&quot;unit&quot;:&quot;px&quot;,&quot;size&quot;:&quot;&quot;,&quot;sizes&quot;:[]},&quot;_transform_translateY_effect_mobile&quot;:{&quot;unit&quot;:&quot;px&quot;,&quot;size&quot;:&quot;&quot;,&quot;sizes&quot;:[]}}\" data-widget_type=\"text-editor.default\">\n\t\t\t\t<div class=\"elementor-widget-container\">\n\t\t\t\t\t\t\t<p>Voici les missions que nos \u00e9l\u00e8ves sont capables de r\u00e9aliser durant un stage par exemple :<\/p>\n<div>&#8211; Mettre \u00e0 jour le site web d&rsquo;une organisation<br>&#8211; Cr\u00e9er des contenus web ( textes, images, vid\u00e9os)<br>&#8211; G\u00e9rer les r\u00e9seaux sociaux<br>&#8211; R\u00e9f\u00e9rencer le site web<\/div>\n<div>&nbsp;<\/div>\t\t\t\t\t\t<\/div>\n\t\t\t\t<\/div>\n\t\t\t\t<\/div>\n\t\t<div class=\"elementor-element elementor-element-443f409 e-con-full animated-slow e-flex elementor-invisible e-con e-parent\" data-id=\"443f409\" data-element_type=\"container\" data-settings=\"{&quot;animation&quot;:&quot;fadeInLeft&quot;}\">\n\t\t\t\t<div class=\"elementor-element elementor-element-4317633 elementor-widget__width-inherit elementor-widget elementor-widget-text-editor\" data-id=\"4317633\" data-element_type=\"widget\" data-widget_type=\"text-editor.default\">\n\t\t\t\t<div class=\"elementor-widget-container\">\n\t\t\t\t\t\t\t<p>Ils peuvent aussi :<\/p><p>&#8211;\u00a0 Aider \u00e0 la prise en main des outils num\u00e9riques<\/p><p>&#8211; Former les utilisateurs aux logiciels et aux proc\u00e9dures<\/p><p>&#8211; R\u00e9pondre aux questions et aux demandes d&rsquo;assistance<\/p><p>&#8211; Assister \u00e0 la r\u00e9solution des probl\u00e8mes informatiques<\/p>\t\t\t\t\t\t<\/div>\n\t\t\t\t<\/div>\n\t\t\t\t<\/div>\n\t\t<div class=\"elementor-element elementor-element-85b46ca e-con-full animated-slow e-flex elementor-invisible e-con e-parent\" data-id=\"85b46ca\" data-element_type=\"container\" data-settings=\"{&quot;animation&quot;:&quot;fadeInUp&quot;}\">\n\t\t\t\t<div class=\"elementor-element elementor-element-244309c elementor-widget__width-inherit elementor-widget elementor-widget-text-editor\" data-id=\"244309c\" data-element_type=\"widget\" data-widget_type=\"text-editor.default\">\n\t\t\t\t<div class=\"elementor-widget-container\">\n\t\t\t\t\t\t\t<p>Mais \u00e9galement :<\/p>\n<p>&#8211; Installer et configurer les logiciels et de mat\u00e9riels informatiques<\/p>\n<p>&#8211; G\u00e9rer des comptes utilisateurs et des droits d&rsquo;acc\u00e8s<\/p>\n<p>&#8211; Sauvegarder et restaurer des donn\u00e9es<\/p>\n<p>&#8211; maintenir le syst\u00e8mes d&rsquo;information et la r\u00e9solution des incidents<\/p>\t\t\t\t\t\t<\/div>\n\t\t\t\t<\/div>\n\t\t\t\t<\/div>\n\t\t\t\t<\/div>\n\t\t","protected":false},"excerpt":{"rendered":"<p>Voici les missions que nos \u00e9l\u00e8ves sont capables de r\u00e9aliser durant un stage par exemple : &#8211; Mettre \u00e0 jour le site web d&rsquo;une organisation&#8211; Cr\u00e9er des contenus web ( textes, images, vid\u00e9os)&#8211; G\u00e9rer les r\u00e9seaux sociaux&#8211; R\u00e9f\u00e9rencer le site web &nbsp; Ils peuvent aussi : &#8211;\u00a0 Aider \u00e0 la prise en main des outils [&hellip;]<\/p>\n","protected":false},"author":4,"featured_media":0,"parent":0,"menu_order":0,"comment_status":"closed","ping_status":"closed","template":"","meta":{"footnotes":""},"class_list":["post-46","page","type-page","status-publish","hentry"],"yoast_head":"<!-- This site is optimized with the Yoast SEO plugin v23.0 - https:\/\/yoast.com\/wordpress\/plugins\/seo\/ -->\n<title>Missions - Certificat de Sp\u00e9cialisation Services Num\u00e9riques aux Organisations<\/title>\n<meta name=\"robots\" content=\"index, follow, max-snippet:-1, max-image-preview:large, max-video-preview:-1\" \/>\n<link rel=\"canonical\" href=\"https:\/\/cssno-lppcevenol.fr\/?page_id=46\" \/>\n<meta property=\"og:locale\" content=\"fr_FR\" \/>\n<meta property=\"og:type\" content=\"article\" \/>\n<meta property=\"og:title\" content=\"Missions - Certificat de Sp\u00e9cialisation Services Num\u00e9riques aux Organisations\" \/>\n<meta property=\"og:description\" content=\"Voici les missions que nos \u00e9l\u00e8ves sont capables de r\u00e9aliser durant un stage par exemple : &#8211; Mettre \u00e0 jour le site web d&rsquo;une organisation&#8211; Cr\u00e9er des contenus web ( textes, images, vid\u00e9os)&#8211; G\u00e9rer les r\u00e9seaux sociaux&#8211; R\u00e9f\u00e9rencer le site web &nbsp; Ils peuvent aussi : &#8211;\u00a0 Aider \u00e0 la prise en main des outils [&hellip;]\" \/>\n<meta property=\"og:url\" content=\"https:\/\/cssno-lppcevenol.fr\/?page_id=46\" \/>\n<meta property=\"og:site_name\" content=\"Certificat de Sp\u00e9cialisation Services Num\u00e9riques aux Organisations\" \/>\n<meta property=\"article:publisher\" content=\"https:\/\/www.facebook.com\/profile.php?id=61551103654804\" \/>\n<meta property=\"article:modified_time\" content=\"2024-06-14T13:28:42+00:00\" \/>\n<meta name=\"twitter:card\" content=\"summary_large_image\" \/>\n<meta name=\"twitter:label1\" content=\"Dur\u00e9e de lecture estim\u00e9e\" \/>\n\t<meta name=\"twitter:data1\" content=\"1 minute\" \/>\n<script type=\"application\/ld+json\" class=\"yoast-schema-graph\">{\"@context\":\"https:\/\/schema.org\",\"@graph\":[{\"@type\":\"WebPage\",\"@id\":\"https:\/\/cssno-lppcevenol.fr\/?page_id=46\",\"url\":\"https:\/\/cssno-lppcevenol.fr\/?page_id=46\",\"name\":\"Missions - Certificat de Sp\u00e9cialisation Services Num\u00e9riques aux Organisations\",\"isPartOf\":{\"@id\":\"https:\/\/cssno-lppcevenol.fr\/#website\"},\"datePublished\":\"2024-03-29T12:10:23+00:00\",\"dateModified\":\"2024-06-14T13:28:42+00:00\",\"breadcrumb\":{\"@id\":\"https:\/\/cssno-lppcevenol.fr\/?page_id=46#breadcrumb\"},\"inLanguage\":\"fr-FR\",\"potentialAction\":[{\"@type\":\"ReadAction\",\"target\":[\"https:\/\/cssno-lppcevenol.fr\/?page_id=46\"]}]},{\"@type\":\"BreadcrumbList\",\"@id\":\"https:\/\/cssno-lppcevenol.fr\/?page_id=46#breadcrumb\",\"itemListElement\":[{\"@type\":\"ListItem\",\"position\":1,\"name\":\"Accueil\",\"item\":\"https:\/\/cssno-lppcevenol.fr\/\"},{\"@type\":\"ListItem\",\"position\":2,\"name\":\"Missions\"}]},{\"@type\":\"WebSite\",\"@id\":\"https:\/\/cssno-lppcevenol.fr\/#website\",\"url\":\"https:\/\/cssno-lppcevenol.fr\/\",\"name\":\"Certificat de Sp\u00e9cialisation Services Num\u00e9riques aux Organisations\",\"description\":\"\",\"publisher\":{\"@id\":\"https:\/\/cssno-lppcevenol.fr\/#organization\"},\"potentialAction\":[{\"@type\":\"SearchAction\",\"target\":{\"@type\":\"EntryPoint\",\"urlTemplate\":\"https:\/\/cssno-lppcevenol.fr\/?s={search_term_string}\"},\"query-input\":\"required name=search_term_string\"}],\"inLanguage\":\"fr-FR\"},{\"@type\":\"Organization\",\"@id\":\"https:\/\/cssno-lppcevenol.fr\/#organization\",\"name\":\"Certificat de Sp\u00e9cialisation Services Num\u00e9riques aux Organisations\",\"url\":\"https:\/\/cssno-lppcevenol.fr\/\",\"logo\":{\"@type\":\"ImageObject\",\"inLanguage\":\"fr-FR\",\"@id\":\"https:\/\/cssno-lppcevenol.fr\/#\/schema\/logo\/image\/\",\"url\":\"https:\/\/cssno-lppcevenol.fr\/wp-content\/uploads\/2024\/03\/380486491_122109115352036788_9032204069023199962_need.png\",\"contentUrl\":\"https:\/\/cssno-lppcevenol.fr\/wp-content\/uploads\/2024\/03\/380486491_122109115352036788_9032204069023199962_need.png\",\"width\":364,\"height\":375,\"caption\":\"Certificat de Sp\u00e9cialisation Services Num\u00e9riques aux Organisations\"},\"image\":{\"@id\":\"https:\/\/cssno-lppcevenol.fr\/#\/schema\/logo\/image\/\"},\"sameAs\":[\"https:\/\/www.facebook.com\/profile.php?id=61551103654804\"]}]}<\/script>\n<!-- \/ Yoast SEO plugin. -->","yoast_head_json":{"title":"Missions - Certificat de Sp\u00e9cialisation Services Num\u00e9riques aux Organisations","robots":{"index":"index","follow":"follow","max-snippet":"max-snippet:-1","max-image-preview":"max-image-preview:large","max-video-preview":"max-video-preview:-1"},"canonical":"https:\/\/cssno-lppcevenol.fr\/?page_id=46","og_locale":"fr_FR","og_type":"article","og_title":"Missions - Certificat de Sp\u00e9cialisation Services Num\u00e9riques aux Organisations","og_description":"Voici les missions que nos \u00e9l\u00e8ves sont capables de r\u00e9aliser durant un stage par exemple : &#8211; Mettre \u00e0 jour le site web d&rsquo;une organisation&#8211; Cr\u00e9er des contenus web ( textes, images, vid\u00e9os)&#8211; G\u00e9rer les r\u00e9seaux sociaux&#8211; R\u00e9f\u00e9rencer le site web &nbsp; Ils peuvent aussi : &#8211;\u00a0 Aider \u00e0 la prise en main des outils [&hellip;]","og_url":"https:\/\/cssno-lppcevenol.fr\/?page_id=46","og_site_name":"Certificat de Sp\u00e9cialisation Services Num\u00e9riques aux Organisations","article_publisher":"https:\/\/www.facebook.com\/profile.php?id=61551103654804","article_modified_time":"2024-06-14T13:28:42+00:00","twitter_card":"summary_large_image","twitter_misc":{"Dur\u00e9e de lecture estim\u00e9e":"1 minute"},"schema":{"@context":"https:\/\/schema.org","@graph":[{"@type":"WebPage","@id":"https:\/\/cssno-lppcevenol.fr\/?page_id=46","url":"https:\/\/cssno-lppcevenol.fr\/?page_id=46","name":"Missions - Certificat de Sp\u00e9cialisation Services Num\u00e9riques aux Organisations","isPartOf":{"@id":"https:\/\/cssno-lppcevenol.fr\/#website"},"datePublished":"2024-03-29T12:10:23+00:00","dateModified":"2024-06-14T13:28:42+00:00","breadcrumb":{"@id":"https:\/\/cssno-lppcevenol.fr\/?page_id=46#breadcrumb"},"inLanguage":"fr-FR","potentialAction":[{"@type":"ReadAction","target":["https:\/\/cssno-lppcevenol.fr\/?page_id=46"]}]},{"@type":"BreadcrumbList","@id":"https:\/\/cssno-lppcevenol.fr\/?page_id=46#breadcrumb","itemListElement":[{"@type":"ListItem","position":1,"name":"Accueil","item":"https:\/\/cssno-lppcevenol.fr\/"},{"@type":"ListItem","position":2,"name":"Missions"}]},{"@type":"WebSite","@id":"https:\/\/cssno-lppcevenol.fr\/#website","url":"https:\/\/cssno-lppcevenol.fr\/","name":"Certificat de Sp\u00e9cialisation Services Num\u00e9riques aux Organisations","description":"","publisher":{"@id":"https:\/\/cssno-lppcevenol.fr\/#organization"},"potentialAction":[{"@type":"SearchAction","target":{"@type":"EntryPoint","urlTemplate":"https:\/\/cssno-lppcevenol.fr\/?s={search_term_string}"},"query-input":"required name=search_term_string"}],"inLanguage":"fr-FR"},{"@type":"Organization","@id":"https:\/\/cssno-lppcevenol.fr\/#organization","name":"Certificat de Sp\u00e9cialisation Services Num\u00e9riques aux Organisations","url":"https:\/\/cssno-lppcevenol.fr\/","logo":{"@type":"ImageObject","inLanguage":"fr-FR","@id":"https:\/\/cssno-lppcevenol.fr\/#\/schema\/logo\/image\/","url":"https:\/\/cssno-lppcevenol.fr\/wp-content\/uploads\/2024\/03\/380486491_122109115352036788_9032204069023199962_need.png","contentUrl":"https:\/\/cssno-lppcevenol.fr\/wp-content\/uploads\/2024\/03\/380486491_122109115352036788_9032204069023199962_need.png","width":364,"height":375,"caption":"Certificat de Sp\u00e9cialisation Services Num\u00e9riques aux Organisations"},"image":{"@id":"https:\/\/cssno-lppcevenol.fr\/#\/schema\/logo\/image\/"},"sameAs":["https:\/\/www.facebook.com\/profile.php?id=61551103654804"]}]}},"_links":{"self":[{"href":"https:\/\/cssno-lppcevenol.fr\/index.php?rest_route=\/wp\/v2\/pages\/46","targetHints":{"allow":["GET"]}}],"collection":[{"href":"https:\/\/cssno-lppcevenol.fr\/index.php?rest_route=\/wp\/v2\/pages"}],"about":[{"href":"https:\/\/cssno-lppcevenol.fr\/index.php?rest_route=\/wp\/v2\/types\/page"}],"author":[{"embeddable":true,"href":"https:\/\/cssno-lppcevenol.fr\/index.php?rest_route=\/wp\/v2\/users\/4"}],"replies":[{"embeddable":true,"href":"https:\/\/cssno-lppcevenol.fr\/index.php?rest_route=%2Fwp%2Fv2%2Fcomments&post=46"}],"version-history":[{"count":70,"href":"https:\/\/cssno-lppcevenol.fr\/index.php?rest_route=\/wp\/v2\/pages\/46\/revisions"}],"predecessor-version":[{"id":754,"href":"https:\/\/cssno-lppcevenol.fr\/index.php?rest_route=\/wp\/v2\/pages\/46\/revisions\/754"}],"wp:attachment":[{"href":"https:\/\/cssno-lppcevenol.fr\/index.php?rest_route=%2Fwp%2Fv2%2Fmedia&parent=46"}],"curies":[{"name":"wp","href":"https:\/\/api.w.org\/{rel}","templated":true}]}}